nvert 3135813 (base 9) to base 16.
199830
230442122 (base 5) to base 16
fbb00
What is 1011000222201 (base 3) in base 4?
2111021032
Convert 30a0bb (base 14) to base 10.
1641077
What is bd0e7 (base 16) in base 14?
1622c7
-124635a (base 13) to base 7
-66266335
What is -2322323230 (base 4) in base 9?
-1386271
1020633 (base 8) to base 14
70951
What is 89c1a (base 13) in base 4?
331013020
1301a (base 12) to base 13
ba67
4a507 (base 11) to base 10
72486
Convert -11001231 (base 4) to base 13.
-94aa
-478460 (base 10) to base 14
-c651a
34402140 (base 5) to base 11
1a1729
166764 (base 9) to base 4
121033312
Convert 3907b (base 13) to base 5.
11334213
Convert d5b8 (base 16) to base 4.
31112320
1709906 (base 12) to base 13
ca17c0
What is 120331033321 (base 4) in base 12?
22360a1
Convert 912b9 (base 16) to base 14.
1169a9
-47001443 (base 8) to base 15
-d6e6ce
-4422020 (base 5) to base 13
-28a95
456027 (base 8) to base 16
25c17
Convert -29a26b (base 12) to base 16.
-ab5f3
What is 1551213 (base 6) in base 12?
45509
Convert -105ec (base 16) to base 5.
-4121202
-3545222 (base 7) to base 12
-1975bb
Convert -8974 (base 15) to base 7.
-150640
Convert 1610123 (base 7) to base 15.
45708
What is 640263 (base 9) in base 5?
44141012
Convert -bc05 (base 14) to base 11.
-224a3
What is -6713 (base 8) in base 6?
-24203
Convert -222200000221 (base 3) to base 16.
-80269
What is 243013111 (base 6) in base 13?
c5a3a3
What is 298a77 (base 11) in base 13?
13403a
220344033 (base 5) to base 4
3213322011
What is -123002320 (base 4) in base 16?
-1b0b8
-11101001110011110 (base 2) to base 10
-119710
320650 (base 8) to base 6
2143000
-2104725 (base 11) to base 8
-16116643
What is 101010101101011111 (base 2) in base 16?
2ab5f
Convert 213310301 (base 4) to base 14.
43637
202310001132 (base 4) to base 7
140366235
What is -63342745 (base 8) in base 3?
-221101010200111
-1589216 (base 10) to base 9
-2881885
-10000012022200 (base 3) to base 5
-402120302
What is 101121312 (base 5) in base 10?
410832
What is c7f7 (base 16) in base 5?
3114231
-668608 (base 9) to base 6
-12323442
-1454c (base 16) to base 8
-242514
Convert 101321132220 (base 4) to base 12.
16a3260
Convert 10122210122 (base 3) to base 6.
1313242
5232145 (base 6) to base 2
111101110100100001
-3854216 (base 9) to base 4
-20001111111
What is 11000001000101000010 (base 2) in base 7?
6502454
12001211110122 (base 3) to base 16
291893
What is 10011011011 (base 3) in base 16?
f27d
40646402 (base 8) to base 3
121012011202010
What is 101001101001000101 (base 2) in base 12?
82859
What is 100000111011000101111 (base 2) in base 14?
201235
48f81 (base 16) to base 3
120011222200
What is -1dbb23 (base 16) in base 12?
-79b6ab
What is 48194 (base 13) in base 8?
402016
-75f191 (base 16) to base 8
-35370621
What is 19913052 (base 10) in base 4?
1023331211130
-2331634 (base 8) to base 9
-1168138
What is 28870 (base 14) in base 10?
100450
1273670 (base 8) to base 11
225243
What is 83c0a (base 13) in base 14?
625ad
-114952 (base 16) to base 5
-242223012
435414 (base 10) to base 12
18bb86
What is -201000303 (base 4) in base 10?
-135219
Convert -25511410 (base 7) to base 5.
-1043303223
Convert -13420331 (base 6) to base 8.
-1566137
What is 1867587 (base 9) in base 13?
2a94ab
-120a496 (base 12) to base 8
-15267062
Convert -1021111111102 (base 3) to base 8.
-2456225
Convert -67803 (base 10) to base 15.
-15153
What is 6a832f (base 16) in base 8?
32501457
Convert -1000011100011111110 (base 2) to base 13.
-98c63
-7610504 (base 9) to base 14
-783531
21023232022 (base 4) to base 13
663955
-346564 (base 7) to base 16
-f3a6
-673741 (base 8) to base 7
-1634450
Convert -27b847 (base 13) to base 3.
-1211011222020
What is -314352540 (base 6) in base 11?
-3141193
1742236 (base 11) to base 16
2d2c29
What is -130020011 (base 4) in base 14?
-2ddad
100010010000101000 (base 2) to base 10
140328
Convert -441023122 (base 5) to base 13.
-5133c7
-1170a4 (base 13) to base 9
-702688
-7510365 (base 8) to base 3
-10202202212012
What is 6eb9d (base 16) in base 14?
bb3d3
-151b412 (base 12) to base 15
-5954d8
-441333 (base 8) to base 5
-14220222
What is -14101124 (base 5) in base 10?
-143914
-c7688 (base 16) to base 5
-202114101
200213303 (base 5) to base 12
32042a
-10309470 (base 10) to base 9
-21352836
Convert -235151 (base 8) to base 2.
-10011101001101001
Convert 2044344 (base 6) to base 4.
120102220
-b55c4 (base 15) to base 6
-20154151
-3904354 (base 12) to base 16
-aaf8f0
Convert -20000200030 (base 4) to base 12.
-8529a4
10549 (base 12) to base 6
243333
What is 59ec35 (base 15) in base 11?
2479594
What is -174762 (base 10) in base 4?
-222222222
What is 1200003010 (base 5) in base 3?
12010221101020
What is -2043323 (base 6) in base 10?
-99267
What is 19b396 (base 14) in base 2?
11011111010000101000
Convert 232214310 (base 5) to base 3.
1222120021021
What is -1110000202210 (base 3) in base 8?
-2734306
-6c3aa (base 14) to base 15
-5340c
Convert -452663 (base 9) to base 10.
-271002
-3d223 (base 14) to base 10
-151343
What is -10515213 (base 6) in base 4?
-1032123321
105a482 (base 12) to base 15
415b98
Convert -2340220041 (base 5) to base 6.
-311411230
What is 131122331 (base 4) in base 2?
11101011010111101
What is 3bf870 (base 16) in base 3?
21101200020212
What is 539be (base 16) in base 7?
2624301
Convert -57972 (base 13) to base 6.
-3231450
What is 702471 (base 8) in base 9?
381427
Convert a07ab (base 14) to base 8.
1361223
What is -19378 (base 11) in base 4?
-12212330
What is -1002022201011 (base 3) in base 7?
-4622446
Convert -1313050 (base 7) to base 10.
-171535
Convert 429291 (base 12) to base 6.
34321501
What is -112201220200 (base 3) in base 5?
-33240304
19823a (base 12) to base 10
449614
What is -132111520 (base 6) in base 14?
-4c3892
What is -1200000222 (base 3) in base 6?
-411555
What is -17600277 (base 8) in base 9?
-7682772
43d6df (base 16) to base 9
8325580
Convert -3134443 (base 5) to base 15.
-1084d
51233622 (base 8) to base 14
161bd2a
Convert 21336401 (base 7) to base 3.
10102200220022
74941 (base 16) to base 4
1310211001
What is -4929a5 (base 13) in base 4?
-12222310233
What is -a1154d (base 14) in base 13?
-117a288
Convert -8010 (base 13) to base 3.
-220010110
-100001000000101010010100 (base 2) to base 15
-b5dec5
2210223032 (base 4) to base 11
420851
What is -101101000110 (base 2) in base 7?
-11262
Convert -202111021 (base 4) to base 15.
-2b9e7
1050032 (base 8) to base 12
1176a2
What is 2811c2 (base 15) in base 2?
111010110100101101100
What is 1113312404 (base 5) in base 13?
68a534
Convert 134b26 (base 14) to base 11.
415611
2a457 (base 11) to base 3
2012011201
-a22265 (base 16) to base 5
-10210010022
Convert 750b1 (base 13) to base 10.
211056
What is -7168db (base 14) in base 4?
-32210331201
-1222212020 (base 3) to base 16
-9960
What is 23033021 (base 4) in base 14?
12ab7
What is -1460207 (base 11) in base 10?
-2503860
1222120002022 (base 3) to base 10
1054196
2221211000 (base 3) to base 14
172c1
What is a91900 (base 11) in base 8?
6517473
-12104164 (base 7) to base 12
-43b3b7
112302312 (base 4) to base 3
11202002000
-42a1d (base 15) to base 6
-4311144
-811546 (base 9) to base 16
-75381
-213114233 (base 6) to base 7
-44131062
Convert -1111100001111111110101 (base 2) to base 6.
-223133045
Convert 28663245 (base 9) to base 15.
13ab62b
3352d (base 16) to base 8
632455
37057517 (base 8) to base 15
ab010d
What is 64c684 (base 14) in base 2?
1101000001101100101100
What is -60015426 (base 8) in base 10?
-12589846
-1101011100000111001010 (base 2) to base 14
-679c82
Convert -37c977 (base 13) to base 6.
-44431553
1303123212 (base 4) to base 10
472806
Convert -7500292 (base 10) to base 6.
-424431324
Convert 665064 (base 7) to base 16.
1c911
Convert 3333123 (base 4) to base 9.
24373
What is -1427298 (base 10) in base 14?
-29221c
215a3 (base 12) to base 10
44043
What is -137457 (base 9) in base 5?
-10143321
-202154043 (base 6) to base 11
-1a59367
What is 463033 (base 9) in base 11?
17a777
10110011111011110 (base 2) to base 5
10422001
Convert -1011111121 (base 3) to base 4.
-11212312
Convert -2370076 (base 8) to base 4.
-2133000332
What is -26207251 (base 8) in base 14?
-abcdbb
What is 75a31 (base 12) in base 9?
255881
What is -141ba3 (base 14) in base 9?
-1271413
Convert -